es 51 divide 1989?
True
Is 17 a factor of 425?
True
Does 15 divide 9435?
True
Is 10 a factor of 1230?
True
Does 25 divide 113500?
True
Is 11 a factor of 11474?
False
Is 3 a factor of 392?
False
Is 774 a multiple of 3?
True
Does 26 divide 5779?
False
Does 14 divide 47698?
True
Does 9 divide 5337?
True
Is 20 a factor of 5120?
True
Is 1732 a multiple of 22?
False
Is 459 a multiple of 17?
True
Does 6 divide 942?
True
Does 18 divide 9954?
True
Does 44 divide 1320?
True
Is 880 a multiple of 22?
True
Is 131 a factor of 11790?
True
Is 3774 a multiple of 102?
True
Does 60 divide 88?
False
Is 46 a multiple of 2?
True
Is 16 a factor of 1250?
False
Is 4 a factor of 533?
False
Is 109 a factor of 34249?
False
Does 15 divide 99261?
False
Is 39 a factor of 14274?
True
Does 57 divide 9648?
False
Does 101 divide 13603?
False
Is 2562 a multiple of 15?
False
Is 8 a factor of 1592?
True
Does 3 divide 242?
False
Is 53 a factor of 17331?
True
Is 4 a factor of 85?
False
Does 67 divide 71228?
False
Is 26474 a multiple of 53?
False
Is 64 a factor of 3405?
False
Does 53 divide 403?
False
Does 113 divide 15316?
False
Is 1682 a multiple of 58?
True
Is 6 a factor of 6340?
False
Is 4 a factor of 920?
True
Is 1386 a multiple of 22?
True
Is 24 a factor of 36177?
False
Is 75 a factor of 21610?
False
Is 4361 a multiple of 29?
False
Does 53 divide 7985?
False
Is 1574 a multiple of 27?
False
Is 147 a factor of 4731?
False
Is 3147 a multiple of 38?
False
Is 152 a multiple of 4?
True
Is 23 a factor of 3496?
True
Is 7 a factor of 27121?
False
Does 83 divide 958?
False
Is 15678 a multiple of 18?
True
Is 17844 a multiple of 25?
False
Does 13 divide 110957?
False
Does 15 divide 67080?
True
Is 163 a factor of 9617?
True
Is 78 a multiple of 3?
True
Is 797 a multiple of 4?
False
Does 59 divide 6657?
False
Does 14 divide 20?
False
Does 8 divide 299?
False
Is 28 a factor of 11795?
False
Is 19127 a multiple of 11?
False
Does 121 divide 37520?
False
Is 153 a multiple of 6?
False
Does 35 divide 1069?
False
Is 33636 a multiple of 103?
False
Does 141 divide 3948?
True
Is 67 a factor of 3542?
False
Does 27 divide 8109?
False
Is 11690 a multiple of 28?
False
Does 25 divide 2242?
False
Does 45 divide 3160?
False
Is 34 even?
True
Is 35 a factor of 23811?
False
Is 24 a factor of 322?
False
Does 235 divide 65145?
False
Does 7 divide 1078?
True
Is 2 a factor of 9703?
False
Is 473 a multiple of 11?
True
Is 2991 a multiple of 2?
False
Is 2546 a multiple of 121?
False
Is 113376 a multiple of 16?
True
Is 9618 a multiple of 58?
False
Is 30 a factor of 5580?
True
Is 264 a multiple of 8?
True
Does 71 divide 1088?
False
Does 14 divide 75394?
False
Is 23 a factor of 1403?
True
Does 3 divide 220?
False
Is 1815 a multiple of 34?
False
Is 806 a multiple of 62?
True
Is 7504 a multiple of 7?
True
Is 25 a factor of 100?
True
Does 4 divide 214?
False
Is 40 a factor of 473?
False
Is 31 a factor of 744?
True
Is 76 a factor of 68172?
True
Is 477 a multiple of 159?
True
Does 79 divide 2501?
False
Is 5 a factor of 1790?
True
Is 13 a factor of 1147?
False
Is 24768 a multiple of 18?
True
Is 3 a factor of 138?
True
Is 41 a factor of 66051?
True
Is 114 a multiple of 6?
True
Is 17 a factor of 2475?
False
Is 5759 a multiple of 84?
False
Is 3324 a multiple of 4?
True
Is 13 a factor of 9184?
False
Is 4379 a multiple of 140?
False
Is 1613 a multiple of 110?
False
Is 6110 a multiple of 10?
True
Does 137 divide 13752?
False
Is 123 a factor of 2070?
False
Does 19 divide 2255?
False
Does 11 divide 18282?
True
Is 12 a factor of 15702?
False
Is 31 a factor of 1801?
False
Is 14418 a multiple of 139?
False
Is 61 a factor of 789?
False
Is 57 a factor of 287?
False
Does 83 divide 4316?
True
Is 2485 a multiple of 5?
True
Is 3478 a multiple of 74?
True
Does 79 divide 3252?
False
Is 17 a factor of 24242?
True
Is 17563 a multiple of 7?
True
Does 98 divide 3144?
False
Is 1120 a multiple of 7?
True
Is 8253 a multiple of 21?
True
Is 8 a factor of 627?
False
Is 17388 a multiple of 48?
False
Does 13 divide 7412?
False
Does 33 divide 16229?
False
Is 27 a factor of 6214?
False
Is 1045 a multiple of 19?
True
Does 71 divide 551?
False
Does 63 divide 4775?
False
Is 5 a factor of 229?
False
Is 3986 a multiple of 14?
False
Is 168 a multiple of 12?
True
Does 51 divide 4944?
False
Does 29 divide 3258?
False
Is 4 a factor of 251?
False
Does 36 divide 3348?
True
Does 205 divide 15375?
True
Does 58 divide 8700?
True
Is 13 a factor of 4139?
False
Is 58 a multiple of 3?
False
Is 32 a factor of 16387?
False
Is 50 a factor of 2300?
True
Is 22 a factor of 933?
False
Is 20 a factor of 4056?
False
Does 60 divide 26880?
True
Does 12 divide 228?
True
Does 14 divide 2100?
True
Is 1944 a multiple of 81?
True
Is 240 a multiple of 10?
True
Is 400 a multiple of 50?
True
Does 7 divide 189?
True
Does 7 divide 15663?
False
Does 7 divide 308?
True
Is 1665 a multiple of 40?
False
Is 22 a factor of 95722?
True
Is 423 a multiple of 5?
False
Is 12 a factor of 375?
False
Is 76 a factor of 304?
True
Is 16200 a multiple of 270?
True
Is 185 even?
False
Is 4 a factor of 104?
True
Is 63 a factor of 11781?
True
Is 828 a multiple of 12?
True
Is 1280 a multiple of 80?
True
Is 246 even?
True
Is 25 a factor of 4007?
False
Is 38 a factor of 392?
False
Is 19 a factor of 473?
False
Is 9 a factor of 54619?
False
Is 58642 a multiple of 24?
False
Is 13 a factor of 691?
False
Does 51 divide 98117?
False
Is 995 a multiple of 90?
False
Does 50 divide 6308?
False
Is 53 a factor of 5459?
True
Does 18 divide 3888?
True
Is 470 a multiple of 11?
False
Does 50 divide 700?
True
Is 2131 a multiple of 4?
False
Is 467 a multiple of 5?
False
Is 22 a factor of 24603?
False
Is 2 a factor of 91?
False
Is 9 a factor of 38259?
True
Is 161 a multiple of 7?
True
Is 4 a factor of 143?
False
Does 17 divide 5831?
True
Is 6721 a multiple of 13?
True
Is 11498 a multiple of 4?
False
Does 102 divide 10835?
False
Does 31 divide 3085?
False
Is 5 a factor of 2202?
False
Is 24727 a multiple of 42?
False
Is 8 a factor of 15?
False
Is 13 a factor of 5980?
True
Is 38 a factor of 6091?
False
Is 107 a factor of 36915?
True
Is 10787 a multiple of 67?
True
Is 57 a factor of 2467?
False
Is 51 a factor of 612?
True
Is 18942 a multiple of 82?
True
Does 7 divide 749?
True
Does 34 divide 7718?
True
Does 30 divide 25290?
True
Is 17 a factor of 18904?
True
Is 894 a multiple of 2?
True
Is 1246 a multiple of 22?
False
Is 47 a factor of 2444?
True
Is 22 a factor of 2461?
False
Does 36 divide 576?
True
Does 9 divide 825?
False
Does 147 divide 87697?
False
Is 3252 a multiple of 8?
False
Is 2 a factor of 94?
True
Is 37 a factor of 659?
False
Does 40 divide 17782?
False
Is 4754 a multiple of 146?
False
Does 106 divide 6765?
False
Is 2 a factor of 211?
False
Does 35 divide 2695?
True
Does 7 divide 4011?
True
Does 130 divide 4810?
True
Is 43 a factor of 761?
False
Does 29 divide 16768?
False
Is 13 a factor of 1170?
True
Does 16 divide 48?
True
Is 2660 a multiple of 2?
True
Does 42 divide 8369?
False
Is 7 a factor of 504?
True
Does 16 divide 33712?
True
Is 93 a factor of 140?
False
Is 267 a factor of 13884?
True
Does 75 divide 1560?
False
Does 20 divide 2377?
False
Is 2688 a multiple of 112?
True
Is 1947 a multiple of 5?
False
Is 49 even?
False
Does 21 divide 2285?
False
Is 90 a factor of 9630?
True
Is 11 a factor of 9055?
False
Is 3966 a multiple of 5?
False
Does 34 divide 13294?
True
Is 434 a multiple of 14?
True
Is 33 a multiple of 5?
False
Is 51673 a multiple of 20?
False
Is 17 a factor of 272?
True
Does 71 divide 2094?
False
Is 5182 a multiple of 282?
False
Is 56 a factor of 4811?
False
Is 6 a factor of 7852?
False
Does 40 divide 2360?
True
Is 482 a multiple of 8?
False
Does 7 divide 1625?
False
Does 10 divide 15634?
False
Is 931 a multiple of 12?
False
Is 3000 a multiple of 20?
True
Is 3 a factor of 97?
False
Does 5 divide 474?
False
Is 3384 a multiple of 72?
True
Does 118 divide 45108?
False
Is 42 a factor of 3336?
False
Does 115 divide 23805?
True
Is 1401 a multiple of 49?
False
Is 3182 a multiple of 11?
False
Is 5870 a multiple of 160?
False
Does 25 divide 100?
True
Is 46 a factor of 45615?
False
Does 11 divide 5743?
False
Is 28636 a multiple of 95?
False
Does 3 divide 48?
True
Is 51 a factor of 459?
True
Is 217 a factor of 9548?
True
Is 19 